5 and 2422147.
559
What is the greatest common factor of 30872 and 3111?
17
Calculate the greatest common divisor of 254 and 112141.
127
Calculate the greatest common factor of 3655 and 5271241.
731
Calculate the highest common divisor of 18 and 14247.
9
Calculate the greatest common divisor of 332892 and 45.
9
What is the highest common factor of 19437 and 2511?
93
Calculate the greatest common divisor of 3140 and 100.
20
What is the greatest common divisor of 110193 and 1311?
69
What is the highest common factor of 6309 and 18?
9
What is the highest common divisor of 86598 and 54?
18
Calculate the highest common factor of 579621 and 441.
147
Calculate the greatest common factor of 912 and 96216.
456
Calculate the highest common factor of 3591 and 27303.
57
What is the greatest common factor of 4193 and 7?
7
Calculate the greatest common factor of 197320 and 40.
40
Calculate the highest common factor of 23490515 and 85.
85
What is the highest common divisor of 8 and 8668?
4
What is the highest common divisor of 16165 and 2257?
61
Calculate the highest common divisor of 1032 and 2005692.
516
What is the highest common factor of 151932 and 264?
132
What is the highest common divisor of 8 and 50760?
8
What is the greatest common divisor of 596 and 298894?
298
What is the highest common factor of 280 and 168?
56
Calculate the greatest common factor of 156 and 145.
1
What is the greatest common divisor of 383 and 294144?
383
What is the highest common factor of 76396 and 4?
4
What is the highest common divisor of 142 and 175441?
71
Calculate the highest common divisor of 695738 and 1864.
466
Calculate the greatest common factor of 244307 and 119.
119
Calculate the greatest common factor of 376 and 1383304.
376
Calculate the greatest common factor of 748 and 1258.
34
Calculate the greatest common divisor of 934249 and 19.
19
What is the highest common factor of 28848 and 144?
48
What is the highest common factor of 1451398 and 52?
26
What is the greatest common factor of 1164 and 4404?
12
Calculate the greatest common factor of 13475 and 275.
275
What is the highest common factor of 55152 and 162?
18
Calculate the highest common factor of 47986 and 18.
2
What is the highest common divisor of 256 and 5056?
64
What is the highest common divisor of 47838 and 306?
102
Calculate the highest common divisor of 1195334 and 14.
14
What is the highest common factor of 20121 and 24710?
353
What is the greatest common factor of 50 and 1191650?
50
What is the highest common divisor of 88220 and 660?
220
Calculate the highest common divisor of 6970 and 2040.
170
What is the highest common factor of 5 and 76907?
1
Calculate the highest common factor of 99145 and 251.
251
What is the highest common divisor of 12177 and 33858?
297
Calculate the greatest common divisor of 3812522 and 1743.
581
Calculate the greatest common factor of 166 and 70.
2
What is the highest common factor of 2898 and 24822?
126
Calculate the greatest common divisor of 2 and 309854.
2
What is the greatest common factor of 1104 and 30774?
138
Calculate the greatest common factor of 97390 and 20.
10
Calculate the greatest common factor of 1010 and 148975.
505
Calculate the highest common factor of 16326 and 81.
9
Calculate the greatest common factor of 33250 and 45.
5
What is the highest common divisor of 1440601 and 31?
31
What is the highest common divisor of 106253 and 301?
301
What is the greatest common divisor of 60 and 759810?
30
What is the greatest common divisor of 49248 and 60?
12
What is the highest common divisor of 222 and 71454?
6
Calculate the greatest common factor of 655 and 80.
5
Calculate the greatest common divisor of 24 and 34383.
3
What is the highest common divisor of 88 and 213631?
11
Calculate the greatest common factor of 60 and 14385.
15
What is the highest common factor of 601930 and 70?
70
Calculate the highest common factor of 614148 and 48.
12
Calculate the highest common factor of 8512 and 21413.
133
Calculate the highest common factor of 62 and 78709.
31
What is the greatest common factor of 22631 and 26341?
371
What is the greatest common factor of 15866 and 2?
2
What is the greatest common divisor of 231931 and 238?
119
Calculate the greatest common divisor of 391 and 105961.
391
What is the highest common factor of 7626 and 11562?
246
Calculate the greatest common divisor of 18056 and 12506.
74
Calculate the highest common factor of 33 and 2986841.
11
What is the highest common factor of 72484 and 8?
4
Calculate the highest common divisor of 17 and 5669908.
17
What is the highest common factor of 341 and 12152?
31
What is the greatest common factor of 228 and 72428?
76
What is the highest common divisor of 2703 and 33303?
51
What is the highest common factor of 245 and 34020?
35
What is the greatest common factor of 39412 and 8?
4
Calculate the highest common factor of 1532099 and 2001.
667
Calculate the greatest common factor of 1571 and 309487.
1571
Calculate the greatest common divisor of 2610 and 303630.
870
Calculate the greatest common divisor of 8 and 1340888.
8
What is the greatest common divisor of 1102 and 16762?
58
What is the highest common divisor of 19777 and 4?
1
What is the greatest common divisor of 34 and 362?
2
What is the highest common factor of 1741467 and 312?
39
Calculate the highest common divisor of 11 and 654929.
11
Calculate the greatest common factor of 968 and 42600.
8
Calculate the greatest common divisor of 504 and 8028.
36
Calculate the highest common divisor of 1755 and 885.
15
Calculate the highest common factor of 518 and 94535.
259
Calculate the greatest common divisor of 15895 and 660.
55
Calculate the greatest common factor of 550652 and 17719.
1363
Calculate the greatest common divisor of 1236 and 47689.
103
Calculate the greatest common divisor of 3 and 7026.
3
What is the highest common divisor of 18905 and 3705?
95
What is the greatest common divisor of 5090 and 10?
10
Calculate the highest common factor of 13544 and 712.
8
Calculate the greatest common factor of 464 and 15616.
16
Calculate the greatest common divisor of 230 and 2324978.
46
What is the highest common factor of 1450 and 14094?
58
What is the highest common factor of 10 and 1516090?
10
What is the highest common divisor of 5668 and 1274?
26
What is the greatest common factor of 27 and 97956?
27
What is the greatest common factor of 39053 and 98?
49
Calculate the highest common factor of 455 and 3445.
65
What is the highest common factor of 121 and 43681?
121
What is the highest common factor of 262108 and 77?
77
Calculate the greatest common divisor of 9864 and 504.
72
Calculate the greatest common divisor of 3 and 10559.
1
Calculate the highest common factor of 725 and 1179150.
25
What is the greatest common divisor of 1506 and 11941827?
753
Calculate the highest common divisor of 981 and 11009.
109
Calculate the highest common factor of 66 and 6039.
33
What is the highest common divisor of 23884 and 84?
28
Calculate the greatest common divisor of 180 and 93465.
45
Calculate the highest common divisor of 22 and 2797938.
22
What is the highest common factor of 62553 and 435?
87
What is the greatest common factor of 1076 and 1883?
269
Calculate the highest common factor of 32 and 7302.
2
Calculate the greatest common factor of 72 and 678096.
72
What is the greatest common divisor of 52 and 1588?
4
Calculate the highest common divisor of 605 and 9130.
55
What is the greatest common divisor of 50299 and 358?
179
What is the greatest common divisor of 2271321 and 11504?
719
Calculate the greatest common divisor of 396 and 62876.
44
What is the greatest common factor of 674 and 3393253?
337
Calculate the highest common divisor of 414 and 2737.
23
What is the greatest common factor of 176 and 6248?
88
Calculate the highest common divisor of 1292 and 330412.
68
Calculate the greatest common divisor of 346 and 110.
2
Calculate the greatest common divisor of 10309 and 366.
61
What is the highest common factor of 707076 and 108?
108
Calculate the highest common factor of 40 and 229640.
40
What is the highest common factor of 12215 and 35?
35
Calculate the highest common factor of 37 and 11117871.
37
Calculate the greatest common factor of 1554 and 33040.
1